 m + 1 = 5*o. Calculate the highest common divisor of o and 8.
8
Suppose -698*w + 897*w + 2436 = 51788. Let q(g) = 8*g**3 - 2*g**2 - 5*g + 3. Let l be q(3). Calculate the greatest common divisor of w and l.
62
Suppose -30 = 3*u + 153. Let l = 58 + u. Let d = l + 39. What is the greatest common divisor of 36 and d?
36
Let q be (0 - 1)/((-4)/64). Let i be 98/(-3) - ((-1)/(-3) - 0). Let t be ((-88)/i)/((-1)/(-6)). Calculate the greatest common factor of t and q.
16
Let z(o) = -o**2 + o. Let f be z(4). Let y = -8 - f. Let i be (145 + -146)/((-6)/4) - 16/(-3). Calculate the highest common factor of i and y.
2
Let b = -30 + 6. Let m be (-94)/(-6) + ((-200)/b - 8). Calculate the greatest common divisor of 32 and m.
16
Let r(s) = 64*s**2 - 3*s - 21. Let f be r(-3). Let n = f + -553. Calculate the greatest common factor of 121 and n.
11
Let s(g) = -2*g**3 - 2*g**2 + 1. Let n be s(-2). Suppose 196 + 227 = -n*l. Let c = l + 52. Calculate the highest common factor of 15 and c.
5
Let i = -5291 - -5486. Calculate the greatest common factor of i and 5109.
39
Suppose -6*t - 17 = 67. Let o be (t/5)/(3/(-15)). Calculate the highest common divisor of o and 7.
7
Let v be 2 + (-16719)/(-7) - (-48)/84. Calculate the highest common divisor of v and 3.
3
Suppose 4*s + 4*j - 188 = 5*j, 5*s - 256 = -4*j. Let n(t) = t**3 + 14*t**2 - 17*t. Let d be n(-15). Calculate the highest common factor of s and d.
6
Let p be 11389/(-84)*-3 - (2 + (-9)/4). Calculate the highest common factor of p and 176.
11
Suppose 6*p = 3*p + 12. Let r(t) = 115*t - 47. Let c be r(p). What is the greatest common factor of c and 59?
59
Let t = -189 + 228. Suppose -1 = -2*o + 5. Calculate the highest common divisor of t and o.
3
Let k = -213 - -218. Let w be (12 - -14) + -2 + -3 + k. What is the greatest common factor of w and 2?
2
Let a(b) = 12*b - 36. Let h be a(15). Suppose 139 = 9*d - 293. What is the greatest common factor of h and d?
48
Let j(k) = k**3 - 12*k**2 + 17*k + 28. Let s be j(10). Let b be (s/10)/(((-1)/(-65))/(-1)). Calculate the greatest common factor of b and 169.
13
Let n = 9206 + -5184. What is the greatest common divisor of n and 2?
2
Let s(m) = 82*m**2 + 101*m + 187. Let x be s(11). Calculate the highest common divisor of 88 and x.
44
Let n(s) = -158*s + 2. Let z be n(-5). Suppose -4*v - z = -5*r - 0*v, -4*v = r - 144. Let x = r + -28. Calculate the highest common divisor of x and 32.
32
Suppose 3*s + 15 = 2*t + 559, -3*t = 4*s - 714. Let q = -85 + 153. Let r = q - 32. Calculate the highest common factor of r and s.
36
Suppose -2*k + 142 = 4*x, 39*k - 36*k - x = 234. What is the highest common divisor of 341 and k?
11
Suppose -1080 = 8*l - 28*l. What is the highest common factor of l and 882?
18
Suppose -3*v = 4*b - 143, -6*b = -3*v - 3*b + 150. Let h = v + -45. What is the greatest common factor of 76 and h?
4
Let g = -1 + 3. Let c be ((-1)/((-1)/g))/2. Suppose -273 + 249 = -8*u. Calculate the highest common divisor of u and c.
1
Suppose 4*a = -2*v + 33 - 1, a = 3*v - 6. Let b be 58/2 - (-3 - 1). What is the greatest common divisor of a and b?
3
Let j(o) = -185*o + 31. Let s be j(-1). Let l be ((-156)/s + 4/18)*-2. Let n = 3 + -2. What is the greatest common divisor of l and n?
1
Suppose -j + 0*j = 3*r - 26, 4*r - 60 = 5*j. Suppose 3*s - 14 = r. Let w = 681 + -673. What is the highest common factor of s and w?
8
Let f be ((-9)/18)/(18/(-3600)). Calculate the highest common factor of f and 640.
20
Suppose -30*v + 1496 - 435 = 251. Let a be -2 + (1 - (0 + 35)). Let f be a/((-10)/6 - -1). What is the highest common divisor of f and v?
27
Let d(a) = a + 348. Let x be d(-6). Calculate the highest common factor of 666 and x.
18
Let z(p) = 3*p - 5. Let j be z(12). Let u = j + -21. Let o(w) = -w**3 - 28*w**2 + 167*w + 68. Let t be o(-33). Calculate the greatest common divisor of t and u.
2
Let h be (-275)/(-30) + (-3)/18. Suppose -h - 2 = -s. Suppose 151 = 14*b + s. What is the highest common divisor of 70 and b?
10
Let m = -48 + 52. Suppose 0 = m*x - 3*s - 8, -4*x - 3*s + 6 = -2. What is the greatest common divisor of 10 and x?
2
Let l = -49976 + 87155. Calculate the greatest common divisor of l and 153.
153
Let q be 30/8*(-4)/(3 + -4). Suppose 20*t - q*t = z + 25, -2*t + 7 = -z. What is the highest common factor of 84 and t?
6
Let f = -7151 + 11977. Calculate the highest common divisor of f and 38.
38
Let x = 16127 + -16013. Calculate the highest common factor of 10146 and x.
114
Let d = 19 - 12. Let v = -1 - -108. Suppose -2 = 5*u - v. Calculate the highest common factor of u and d.
7
Let k be (5/10)/(3/(-1572)). Let i = -174 - k. Calculate the greatest common divisor of 16 and i.
8
Let x be 256/12 + 0 + (-4)/(-6). Suppose 4*k + x = 90. What is the highest common divisor of k and 1?
1
Let o = 23519 - 22909. Calculate the highest common divisor of 15 and o.
5
Let g = -14019 + 20701. What is the greatest common factor of g and 26?
26
Suppose -103 - 272 = -24*c + 465. Calculate the greatest common divisor of 640 and c.
5
Let r = -66 + -34. Let p be (r - -8)*2/(-4). Let x = p + -45. Calculate the greatest common divisor of x and 1.
1
Let z be (-6)/(-5) + (-76892)/235. Let x = z + 641. Calculate the greatest common divisor of x and 35.
35
Suppose -2*q = 4*j + 48, 4*q + 245 = 5*j + 84. Let c = -13 - q. Let p be 56/(-12) - 2016/(-108). Calculate the greatest common divisor of c and p.
7
Let h be (-4 - 1)*(-42)/70. Suppose 2*m - 60 = -m + h*a, 0 = a. What is the greatest common factor of m and 460?
20
Suppose 210 = 3*z - 3*k, 534*z + 82 = 535*z + k. What is the greatest common factor of 266 and z?
38
Suppose 3*s - 4 = 8*k - 9*k, s = k + 8. Suppose 0 = -2*i - s*y + 10, -3*i = -2*i + 4*y. What is the greatest common divisor of i and 10?
2
Suppose 5*l - 3*p - 132 = -6*p, -59 = -2*l + 5*p. Suppose 6*k = 4*k. Suppose k = 2*u + 3*u - 90. What is the greatest common divisor of l and u?
9
Let t = -7784 + 7854. Let g(o) = 33*o - 1. Let r be g(3). Calculate the highest common factor of t and r.
14
Let s be -1*158/(-2) + 8 + -16. What is the highest common factor of 2911 and s?
71
Suppose -7 = 3*j + 2*i, 2*i + 7 = j - 2*i. Let h be (-9 - j)/(4/(-14)). Let z = 63 + 21. Calculate the greatest common divisor of z and h.
28
Let q(x) = 62*x**2 + 33*x + 165. Let t be q(-5). What is the highest common factor of t and 186?
62
Let c(i) = i**2 + 1. Let n be c(1). Suppose -3*p = f + n*p - 49, 4*f - 284 = 2*p. Suppose 9*o - f = 6*o. Calculate the greatest common divisor of 115 and o.
23
Let f(g) = g + 7*g - 1 + 3 - 1 - g**2. Let t be f(6). Let p = 218 - 192. What is the highest common factor of p and t?
13
Suppose 2*d + 7*d = 5*d + 1520. What is the highest common divisor of d and 3705?
95
Let n(y) = -185*y + 437. Let l be n(-3). Calculate the highest common factor of 31 and l.
31
Let a(w) = 39*w - 96 - 78*w + 25*w. Let t be a(-9). Let l(c) = 3*c. Let y be l(2). What is the highest common divisor of t and y?
6
Let d(z) = -2*z**3 + 29*z**2 - 12*z + 6. Let w be d(14). Calculate the highest common factor of 493 and w.
17
Let w(q) = -17*q - 22. Let f = 503 + -506. Let z be w(f). Suppose -h + 4*b = -83 + 13, -4*b - 12 = 0. Calculate the highest common factor of h and z.
29
Let g be 1 + 0 - (50 + -36 + -94). What is the highest common divisor of g and 3303?
9
Suppose 11 = 2*x - 25. Let i = 394 - 313. Suppose -36*d = -45*d + i. Calculate the highest common factor of d and x.
9
Let c = -781 - -832. Suppose 1557 + c = 8*v. Calculate the greatest common divisor of 67 and v.
67
Suppose -52*m + 62*m - 1680 = 0. Suppose -127*t + 120*t + m = 0. Calculate the greatest common factor of t and 10.
2
Let w = 890 + -806. Suppose -201 + 501 = 5*o. Let x = w - o. Calculate the greatest common factor of 36 and x.
12
Let f be (-4174 + (-9 - -49)/(-8))*(-6)/21. What is the highest common divisor of 4577 and f?
199
Let c be 7960/(-30) - 2/(-6). Let u = c + 304. Calculate the greatest common factor of u and 12.
3
Let h(g) = 17 - 6*g - 11 + 27 + 69. Let c be h(15). What is the greatest common factor of c and 12?
12
Let v be 12/(-2) + -97 + 615. What is the greatest common divisor of v and 304?
16
Let i be -6*(-2)/(-4) - (-9 - -53). Let b be (-4)/(-4) - (i + -2 + 2). Calculate the highest common divisor of 132 and b.
12
Let r(h) = -65*